0242
In base 13, what is -c11525 + 2?
-c11523
In base 10, what is -1728 - 32281?
-34009
In base 3, what is -101010 - 1001010101?
-1001111111
In base 13, what is -14c93 - -727?
-14569
In base 8, what is 570116401 + 4?
570116405
In base 2, what is 10 + -10010010100101000000110?
-10010010100101000000100
In base 14, what is 2 - 2a8a7727?
-2a8a7725
In base 3, what is -200 + -211220221001?
-211220221201
In base 3, what is -2020102100122021 - -1?
-2020102100122020
In base 4, what is 131 - 11132323321?
-11132323130
In base 16, what is 7b53 + 1b2?
7d05
In base 13, what is 6 + 267005?
26700b
In base 2, what is 0 + 110101111111110000010001001?
110101111111110000010001001
In base 4, what is -12021 + -1221323232?
-1222001313
In base 13, what is 0 - -ca9957?
ca9957
In base 11, what is 1 + 321a0a4?
321a0a5
In base 13, what is -6c9 - -224?
-4a5
In base 16, what is -93cd + -227?
-95f4
In base 3, what is 10 + 1112112111220020?
1112112111220100
In base 12, what is 101 - -61478?
61579
In base 2, what is -100110110 - -11001000111110011?
11001000010111101
In base 14, what is 88c309b + 8?
88c30a5
In base 4, what is -2 - -10331021003031?
10331021003023
In base 15, what is 34 - -17870?
178a4
In base 4, what is 3 - 3231220310330?
-3231220310321
In base 4, what is 210012 - 12200?
131212
In base 7, what is 216142 - 23326?
162513
In base 3, what is 2101001 + 1220222110?
2000100111
In base 7, what is -10623422 + -44?
-10623466
In base 9, what is 53157 - 5?
53152
In base 6, what is 2441 - -1001123?
1004004
In base 5, what is -420042432 - 11?
-420042443
In base 13, what is a - b06843?
-b06836
In base 10, what is -105910825 - -3?
-105910822
In base 11, what is 7aa38 - 1970?
79078
In base 11, what is -5594 + 13a7?
-4198
In base 12, what is -3 - 1135327?
-113532a
In base 10, what is -609630 + 1789?
-607841
In base 5, what is 23134324140 - 2?
23134324133
In base 4, what is 3 - 3132213201200?
-3132213201131
In base 11, what is 12156 - -3760?
15906
In base 14, what is -7c + 1c68b?
1c60d
In base 5, what is -11300443 + -201?
-11301144
In base 2, what is 1101110010111 + 101111101?
1110100010100
In base 6, what is -120304 - 10241?
-130545
In base 10, what is 1 + -183852197?
-183852196
In base 13, what is -2364a24 + -14?
-2364a38
In base 5, what is -2111 + 433443?
431332
In base 5, what is 43120343340 - 1?
43120343334
In base 14, what is -1526ca7d - 2?
-1526ca81
In base 11, what is -145 + 34029?
33994
In base 14, what is -68dc09 + -20?
-68dc29
In base 14, what is 676a11 + -5?
676a0a
In base 2, what is -1110 - -1110101011001111110000?
1110101011001111100010
In base 7, what is 164632 + 21?
164653
In base 14, what is 5 + -25d3ad?
-25d3a8
In base 4, what is -33031130 + 31?
-33031033
In base 7, what is 100301 - 5555?
61413
In base 8, what is -44117 - -13556?
-30341
In base 15, what is 185e36e - 2d?
185e341
In base 12, what is -12373 + 34b6?
-aa79
In base 11, what is 22952 - 17a6?
21157
In base 5, what is 33011320 + 30?
33011400
In base 12, what is -13517 + 13?
-13504
In base 11, what is -4 - -11201987?
11201983
In base 7, what is -5552 - -65566?
60014
In base 3, what is -20210120001202111 + 102?
-20210120001202002
In base 11, what is 4 + -1087967?
-1087963
In base 16, what is e744 + -e3?
e661
In base 13, what is 3b91bc - 31?
3b918b
In base 3, what is 1120021211000000211 - 11?
1120021211000000200
In base 7, what is -10 + 42565?
42555
In base 16, what is -c + 19fcb61?
19fcb55
In base 12, what is -8a5 - -9503?
881a
In base 13, what is b9995b + -1?
b9995a
In base 2, what is 1000011111001000 - -110000101101?
1001001111110101
In base 4, what is 11 + 100011223222?
100011223233
In base 8, what is 1144620 + 427?
1145247
In base 3, what is 212001121002100 + 1?
212001121002101
In base 7, what is 115 - -242212105?
242212223
In base 16, what is 43ed9 - 2e2?
43bf7
In base 14, what is -2 - -38d950?
38d94c
In base 16, what is -107281 + 2?
-10727f
In base 7, what is 6151 - -24535?
34016
In base 16, what is 2 + 92892dd?
92892df
In base 12, what is -13a1 + 5225?
3a44
In base 15, what is 168 - -4d3344?
4d34ac
In base 2, what is 10001011010101 - -11001011?
10001110100000
In base 4, what is -122 + -220123132?
-220123320
In base 5, what is -22134120 - 4?
-22134124
In base 9, what is 1133 - 5205?
-4062
In base 4, what is 123023122112 + -12?
123023122100
In base 9, what is 0 - -2235742?
2235742
In base 5, what is 122434301020 - -4?
122434301024
In base 7, what is 662152 - -2554?
665036
In base 12, what is -3422784 - -5?
-342277b
In base 12, what is -26 + -2506?
-2530
In base 8, what is -21 - 12276257?
-12276300
In base 12, what is -46 - 9586?
-9610
In base 3, what is 212 - -12000101000?
12000101212
In base 13, what is 16 - -18cc264?
18cc27a
In base 8, what is 5 + -7551426?
-7551421
In base 14, what is 7b17 - 147?
79b0
In base 15, what is -16156 - -223?
-15e33
In base 7, what is 2150145323 - 6?
2150145314
In base 13, what is -86 + -750515?
-75059b
In base 10, what is 59956337 + -4?
59956333
In base 6, what is -23150 - 401144?
-424334
In base 4, what is -321 - -20210111233?
20210110312
In base 14, what is ab818 - 17a?
ab67c
In base 15, what is -3bb4e21 - 0?
-3bb4e21
In base 11, what is -11961a200 - -1?
-11961a1aa
In base 16, what is 2235 - -2d0?
2505
In base 6, what is -144402 - -100300?
-44102
In base 6, what is -2 - -113004241?
113004235
In base 11, what is -1 + -1667254?
-1667255
In base 16, what is 550c7c + -6e?
550c0e
In base 12, what is 355853 - 68?
3557a7
In base 6, what is 1245 - 3011042?
-3005353
In base 12, what is 931742 + 55?
931797
In base 10, what is -3 - 198836162?
-198836165
In base 5, what is -11322004 - -1114?
-11320340
In base 12, what is -98 + 7801b?
77b43
In base 6, what is -5345205245 - 1?
-5345205250
In base 7, what is -1 + -132336114?
-132336115
In base 9, what is 15556 - -654?
16321
In base 6, what is 50103 - 44051?
2012
In base 2, what is 1000111000111000110001111010 + -100?
1000111000111000110001110110
In base 4, what is 30 - -130210?
130300
In base 5, what is 3 - 1004010113?
-1004010110
In base 9, what is 4 + -1121483177?
-1121483173
In base 13, what is -115 - -32b4?
319c
In base 7, what is 352520656 - 3?
352520653
In base 7, what is 150322 + -311?
150011
In base 9, what is 1 - -22035171?
22035172
In base 3, what is 12222100 - -1200?
20001000
In base 2, what is 1010 + -1011110010101010001011100?
-1011110010101010001010010
In base 8, what is -34632 - -11517?
-23113
In base 10, what is 3094 - -18487?
21581
In base 8, what is 1625727 - 205?
1625522
In base 15, what is 2 - 3e33c3?
-3e33c1
In base 13, what is -45b5431 + 2?
-45b542c
In base 2, what is 1110110111000011100110 + -101?
1110110111000011100001
In base 4, what is 11 - -101032120301?
101032120312
In base 6, what is -3510 - -11555431?
11551521
In base 15, what is -5 - 476ac?
-476b2
In base 16, what is -3ae269 - -4?
-3ae265
In base 7, what is 3616603 - -45?
3616651
In base 3, what is -1010120 + 1000120212?
222110022
In base 3, what is 101000102210 - -212012?
101001021222
In base 7, what is 10405 - 23004?
-12266
In base 15, what is e9 + -4e15aa?
-4e14b1
In base 13, what is -16417 - -a0?
-16347
In base 8, what is 0 - 11511227?
-11511227
In base 4, what is -212233 - 13300021?
-20112320
In base 7, what is -6 - -1543502022?
1543502013
In base 13, what is -194 + -89a3?
-8b67
In base 15, what is eb4 - 43b?
a78
In base 2, what is 111100101 - 111001001110000?
-111000010001011
In base 11, what is 0 + -13958?
-13958
In base 4, what is 1011102331331 + 3?
1011102332000
In base 10, what is 265 - -15915?
16180
In base 12, what is -84 + -47213?
-47297
In base 13, what is 17529 - -6?
17532
In base 14, what is 64d5 - -5161?
b656
In base 4, what is -200111032220 + -12?
-200111032232
In base 13, what is 1cc08593 - 1?
1cc08592
In base 15, what is 3851d18 - -c?
3851d25
In base 4, what is 32 + -123321013013?
-123321012321
In base 15, what is 6deece - -d?
6deedc
In base 10, what is 146445126 - -2?
146445128
In base 7, what is -22226 - -345?
-21551
In base 7, what is 124304516 + 0?
124304516
In base 12, what is 9 + 1833a?
18347
In base 5, what is -10 - 313111031?
-313111041
In base 3, what is -211 + -202122220021020?
-202122220022001
In base 15, what is -830bb21 + 4?
-830bb1c
In base 15, what is 81 + -1277?
-11e6
In base 14, what is a9a - 18dd?
-c43
In base 